{"id":163,"date":"2019-10-09T01:25:12","date_gmt":"2019-10-09T01:25:12","guid":{"rendered":"https:\/\/evahermann.com.br\/spa\/?page_id=163"},"modified":"2019-10-31T14:24:52","modified_gmt":"2019-10-31T14:24:52","slug":"ambientes","status":"publish","type":"page","link":"https:\/\/evahermann.com.br\/spa\/ambientes\/","title":{"rendered":"AMBIENTES"},"content":{"rendered":"<div class=\"wpb-content-wrapper\"><p>[vc_row css_animation=&#8221;&#8221; row_type=&#8221;row&#8221; use_row_as_full_screen_section=&#8221;no&#8221; type=&#8221;grid&#8221; angled_section=&#8221;no&#8221; text_align=&#8221;left&#8221; background_image_as_pattern=&#8221;without_pattern&#8221; z_index=&#8221;&#8221; css=&#8221;.vc_custom_1570672325473{padding-top: 50px !important;}&#8221;][vc_column width=&#8221;2\/3&#8243;][vc_column_text]<\/p>\n<div class=\"wpb_text_column wpb_content_element \">\n<div class=\"wpb_wrapper\">\n<h3>BEM VINDO(A) AO SPA EVA HERMANN<\/h3>\n<\/div>\n<\/div>\n<div class=\"separator small center \"><\/div>\n<div class=\"wpb_text_column wpb_content_element \">\n<div class=\"wpb_wrapper\">\n<p><span style=\"color: #000000;\">H\u00e1 23 anos, o Eva Hermann Spa Urbano e Est\u00e9tica ajuda a transformar a sa\u00fade e a beleza das pessoas. Num ambiente aconchegante e refugiado do estresse di\u00e1rio, aqui voc\u00ea poder\u00e1 desfrutar do equil\u00edbrio perfeito entre terapias naturais e avan\u00e7adas tecnologias para melhorar a sua apar\u00eancia, vitalidade, autoestima e prazer de viver. Muito mais que uma cl\u00ednica de est\u00e9tica, nosso Spa \u00e9 um novo conceito de vida. Oferecemos consultas, tratamentos corporais e faciais, produtos para alimenta\u00e7\u00e3o saud\u00e1vel, sal\u00e3o de beleza e Day Spa para ocasi\u00f5es especiais \u2013 tudo dentro da filosofia de cuidar primeiro da ess\u00eancia. Porque acreditamos que s\u00f3 com a sa\u00fade, a mente e o esp\u00edrito em harmonia que a real beleza pode acontecer. Conhe\u00e7a a DIETA DO TIPO SANGU\u00cdNEO e nossos tratamentos. Agende uma avalia\u00e7\u00e3o sem compromisso!<\/span><\/p>\n<\/div>\n<\/div>\n<p>[\/vc_column_text][\/vc_column][vc_column width=&#8221;1\/3&#8243;][vc_column_text]<img loading=\"lazy\" decoding=\"async\" class=\"alignnone size-full wp-image-260\" src=\"https:\/\/evahermann.com.br\/spa\/wp-content\/uploads\/2019\/10\/eva-hermann-1024x672.png\" alt=\"\" width=\"1024\" height=\"672\" srcset=\"https:\/\/evahermann.com.br\/spa\/wp-content\/uploads\/2019\/10\/eva-hermann-1024x672.png 1024w, https:\/\/evahermann.com.br\/spa\/wp-content\/uploads\/2019\/10\/eva-hermann-1024x672-300x197.png 300w, https:\/\/evahermann.com.br\/spa\/wp-content\/uploads\/2019\/10\/eva-hermann-1024x672-768x504.png 768w, https:\/\/evahermann.com.br\/spa\/wp-content\/uploads\/2019\/10\/eva-hermann-1024x672-700x459.png 700w\" sizes=\"auto, (max-width: 1024px) 100vw, 1024px\" \/>[\/vc_column_text][vc_column_text]<img loading=\"lazy\" decoding=\"async\" class=\"alignnone wp-image-262\" src=\"https:\/\/evahermann.com.br\/spa\/wp-content\/uploads\/2019\/10\/eva-hermann-spa-700x448.png\" alt=\"\" width=\"450\" height=\"288\" srcset=\"https:\/\/evahermann.com.br\/spa\/wp-content\/uploads\/2019\/10\/eva-hermann-spa-700x448.png 700w, https:\/\/evahermann.com.br\/spa\/wp-content\/uploads\/2019\/10\/eva-hermann-spa-700x448-300x192.png 300w\" sizes=\"auto, (max-width: 450px) 100vw, 450px\" \/>[\/vc_column_text][\/vc_column][\/vc_row][vc_row css_animation=&#8221;&#8221; row_type=&#8221;row&#8221; use_row_as_full_screen_section=&#8221;no&#8221; type=&#8221;grid&#8221; angled_section=&#8221;no&#8221; text_align=&#8221;left&#8221; background_image_as_pattern=&#8221;without_pattern&#8221; css=&#8221;.vc_custom_1570672319010{padding-top: 40px !important;padding-bottom: 50px !important;}&#8221; z_index=&#8221;&#8221;][vc_column width=&#8221;1\/2&#8243;][\/vc_column][vc_column width=&#8221;1\/2&#8243;][\/vc_column][\/vc_row]<\/p>\n<\/div>","protected":false},"excerpt":{"rendered":"<p>[vc_row css_animation=&#8221;&#8221; row_type=&#8221;row&#8221; use_row_as_full_screen_section=&#8221;no&#8221; type=&#8221;grid&#8221; angled_section=&#8221;no&#8221; text_align=&#8221;left&#8221; background_image_as_pattern=&#8221;without_pattern&#8221; z_index=&#8221;&#8221; css=&#8221;.vc_custom_1570672325473{padding-top: 50px !important;}&#8221;][vc_column width=&#8221;2\/3&#8243;][vc_column_text] BEM VINDO(A) AO SPA EVA HERMANN H\u00e1 23 anos, o Eva Hermann Spa Urbano e Est\u00e9tica ajuda a transformar a sa\u00fade e a beleza das pessoas. Num ambiente aconchegante e refugiado do&#8230;<\/p>\n","protected":false},"author":3,"featured_media":0,"parent":0,"menu_order":0,"comment_status":"closed","ping_status":"closed","template":"full_width.php","meta":{"footnotes":""},"class_list":["post-163","page","type-page","status-publish","hentry"],"_links":{"self":[{"href":"https:\/\/evahermann.com.br\/spa\/wp-json\/wp\/v2\/pages\/163","targetHints":{"allow":["GET"]}}],"collection":[{"href":"https:\/\/evahermann.com.br\/spa\/wp-json\/wp\/v2\/pages"}],"about":[{"href":"https:\/\/evahermann.com.br\/spa\/wp-json\/wp\/v2\/types\/page"}],"author":[{"embeddable":true,"href":"https:\/\/evahermann.com.br\/spa\/wp-json\/wp\/v2\/users\/3"}],"replies":[{"embeddable":true,"href":"https:\/\/evahermann.com.br\/spa\/wp-json\/wp\/v2\/comments?post=163"}],"version-history":[{"count":15,"href":"https:\/\/evahermann.com.br\/spa\/wp-json\/wp\/v2\/pages\/163\/revisions"}],"predecessor-version":[{"id":542,"href":"https:\/\/evahermann.com.br\/spa\/wp-json\/wp\/v2\/pages\/163\/revisions\/542"}],"wp:attachment":[{"href":"https:\/\/evahermann.com.br\/spa\/wp-json\/wp\/v2\/media?parent=163"}],"curies":[{"name":"wp","href":"https:\/\/api.w.org\/{rel}","templated":true}]}}